-2*d - m, -5*d - 4*m - 379 = -17722. List the prime factors of d.
3, 13, 89
Suppose 3*r - r + 72 = 0. Let q = 21 + r. List the prime factors of (-6)/(-10) + (-1776)/q.
7, 17
Let f(x) = 5 + 2*x**3 + 6 - x + 11*x + 0*x - 3 - 11*x**2. List the prime factors of f(10).
2, 3, 7
Let m(u) = u + 2. Let j be m(4). Suppose -2 = -8*z + j*z. Let w(t) = 58*t**2 - t + 1. What are the prime factors of w(z)?
2, 29
Suppose -1702*m = -1703*m + 50. List the prime factors of 606/9 + m/30.
3, 23
Let f(l) = 2*l**3 - l**2 + 2. Let y be f(-3). Let g be (8 + -7 - (6 + 0)) + 147. Let p = g + y. What are the prime factors of p?
3
Let c = 3 - 1. Let w = 260 - 1165. What are the prime factors of c/(-8) - w/4?
2, 113
Suppose 59*z = 57*z - 5*i + 24, 2*i = 8. Suppose 5*s = -5*j + 4585, -z*j = 21*s - 17*s - 1832. List the prime factors of j.
2, 3, 17
Let u(a) = 10228*a**2 + 31*a + 48. List the prime factors of u(-2).
2, 11, 13
Let y(m) be the third derivative of -m**4/12 + m**3/2 - 9*m**2. Let r be y(0). List the prime factors of (r - 17/2)*-2 + 1.
2, 3
Let v(n) = 108*n - 38. Let a(k) = 107*k - 37. Let b(u) = 6*a(u) - 5*v(u). List the prime factors of b(4).
2, 47
Suppose z = -2*x + 89246, -194*z + 6 = -191*z. List the prime factors of x.
2, 3, 37, 67
Suppose -52*c = -536336 + 270346 - 551034. What are the prime factors of c?
2, 491
Suppose 7*b + 213 = -39. What are the prime factors of 9/(b/608)*(-14)/8?
2, 7, 19
Let i = -4727 - -13345. What are the prime factors of i?
2, 31, 139
Suppose -3*j + 5*n + 46 = -0*n, -2*j - 2*n = -4. Let h(x) = x**2 - 7*x + 2. Let p be h(j). What are the prime factors of ((-1)/(0 - p))/(1/136)?
2, 17
Let w(i) = -64*i + 4020. What are the prime factors of w(0)?
2, 3, 5, 67
Let k = -17651 - -44324. List the prime factors of k.
3, 17, 523
Suppose 6*f - 288 - 258 = 0. Let j be 403/f - 6/14. Suppose -210 = -j*l + 3*a, 4*l + 2*a = 250 - 30. What are the prime factors of l?
2, 3
Let z be (1 + 0)*(-265 + 13). Let g = 1 - -3. List the prime factors of 12 - 12 - g*1 - z.
2, 31
Let w = -773 - -4493. Suppose 2*t + w = 5*i + 7*t, -5*i - 4*t + 3719 = 0. List the prime factors of i.
743
Let k = 1020 + 634. Suppose 6024 + 617 = 4*b + a, -b + k = -a. List the prime factors of b.
3, 7, 79
Let v be (4 - 561)/(2 - 3). Let o = v - -593. List the prime factors of o.
2, 5, 23
Let c = 235 - 232. Suppose -897 + 24 = -c*g. List the prime factors of g.
3, 97
Suppose -144 = 25*a - 19*a. Let b be -9*(2 + a/18). Let t(x) = 5*x**2 - 15*x - 44. List the prime factors of t(b).
2, 113
Suppose -28 = -2*y + 2*q, -2*y = 6*q - 10*q - 38. Let b(r) = 66*r - 65. List the prime factors of b(y).
23
Let l = 89690 - 54707. What are the prime factors of l?
3, 13, 23
Suppose 18 = -4*k - 10, 2*w = 4*k + 104154. List the prime factors of w.
11, 4733
Suppose 21*k - 29*k + 23*k = 855420. What are the prime factors of k?
2, 53, 269
Suppose -p = 3*m - 48, -3*m + 5*p + 15 = -m. Let f be ((-72)/20 - -3) + 1899/m. Suppose -f = -v + 54. List the prime factors of v.
2, 3, 5
Suppose 0 = 2*k - 3*g - 48, -5*k + 3*g = -151 + 40. Suppose k*a - 18444 = -8*a. List the prime factors of a.
2, 3, 53
Let k = 10540 + -8772. List the prime factors of k.
2, 13, 17
Suppose 19737 = 12*a + 693. Let v = 2445 - a. List the prime factors of v.
2, 3, 11, 13
Suppose q + 3*q + 1 = 5*v, -2*v + 7 = 5*q. List the prime factors of (2/12*-2)/(v/(-207)).
3, 23
Let q(m) = -2*m**3 - 6. Let h be q(0). Let v(d) = d**2 + 9*d + 13. Let t be v(h). Let s(r) = -18*r + 7. List the prime factors of s(t).
97
Suppose 558*k - 148*k - 11877700 = 0. What are the prime factors of k?
2, 5, 2897
Suppose -3*s - 3 = 0, -3*s - 17 = -5*i - 4. Suppose i*f - 258 = -2*r, -7*r + 645 = 5*f - 6*r. List the prime factors of f.
3, 43
Let t be (-3)/(-3)*13 + -4. Suppose 0 = -5*d + t + 11. Suppose -5*n + 6 = -d. What are the prime factors of n?
2
Suppose 12*b - 77022 - 170922 = 0. List the prime factors of b.
2, 10331
Suppose -x + 5*i + 31 = 0, 2*i - 3*i = 5. Suppose -5*k + 19 + x = 0. Suppose -4*n + 55 = z, k*n + 5*z - 35 = n. What are the prime factors of n?
3, 5
List the prime factors of ((-3363)/(-6) + -5 - 1)*(28 - -24).
2, 13, 1109
Let n(d) = 6*d + 12. Let p be n(-4). Let f(a) = -a**2 - a - 2. Let x(q) = -6*q**2 - 10*q + 13. Let h(o) = 5*f(o) - x(o). List the prime factors of h(p).
61
Let t(s) = 30*s**2 - 707*s - 117. List the prime factors of t(-37).
2, 8389
Let v(c) = -c**2 + c. Let q be (-39)/52 + 22*7/(-8). Let t be v(q). Let r = t - -695. List the prime factors of r.
5, 11
Let a(i) be the second derivative of 9*i - 2*i**2 + 0 - 1/3*i**4 + 1/6*i**3 + 3/20*i**5. What are the prime factors of a(3)?
2, 11
Let o = -1886 + 2066. What are the prime factors of o?
2, 3, 5
Let o be -55*(30/(-6) - -4). Let y be (3 + -2)/(3/12). Suppose -5*u - 4*q + o = -8*q, y*q + 25 = 3*u. What are the prime factors of u?
3, 5
Let a(m) = -20*m - m**3 - 31*m + 42*m**2 + 14*m - 24*m**2 + 16. List the prime factors of a(9).
2, 103
Let h(n) be the first derivative of -157*n**2 - 45*n + 107. List the prime factors of h(-1).
269
List the prime factors of ((-4)/14)/(-3 - 1494405/(-498141)).
7907
Let h(n) = -n**3 - 5*n**2 + 24*n + 11. Let m be h(5). Let w = -10 - m. List the prime factors of w.
109
Suppose -2*y - 7449 + 41046 = -5*i, 0 = 5*y + 2*i - 84036. List the prime factors of y.
2, 3, 2801
Suppose 401 - 539 = -6*x. Let m(g) = g**3 + 11*g**2 - 7. Let z be m(-8). Suppose -v + x = -z. List the prime factors of v.
2, 13
Let h(t) = -3*t - 4. Let o = 348 - 385. List the prime factors of h(o).
107
Let m(h) = h**2 + 14*h + 18. Let f be m(-13). Suppose -f*z = -2*p - 470, 5*p - 85 = -2*z + 132. What are the prime factors of z?
2, 3
Let i = -81 + 87. Suppose 0 = i*d - 71 - 577. What are the prime factors of d?
2, 3
Suppose -30*n = 66*n - 460608. List the prime factors of n.
2, 2399
Let v(h) = h**2 + 10*h + 1125. Suppose -11*s + k = -8*s - 3, 0 = -s + 2*k + 6. List the prime factors of v(s).
3, 5
List the prime factors of (9028/16*-3)/(12/(-32)).
2, 37, 61
Suppose -3*q + 0*i = -i - 3824, -q = 4*i - 1292. Suppose 7*c = 3*c, -4*g - 5*c + q = 0. What are the prime factors of g?
11, 29
Let k(z) be the second derivative of z**5/10 - 2*z**4/3 + 7*z**3/6 + 11*z**2/2 - 2*z + 1. List the prime factors of k(6).
197
Let t(c) = 4*c**3 - 8*c**2 + 18*c - 46. Let n be (-49)/(-8) + (-5)/(-200)*-5. What are the prime factors of t(n)?
2, 11, 29
Let r = -133199 + 204806. What are the prime factors of r?
3, 23869
Suppose 186 + 70 = -32*j. Let l(q) be the third derivative of q**4/24 + 23*q**3/6 + q**2. What are the prime factors of l(j)?
3, 5
Let w(x) = 14*x**2 - 49. Suppose 0 = 28*t - 33*t - 30. List the prime factors of w(t).
5, 7, 13
Let v(t) = -2*t**3 + 10*t**2 + 15*t + 28. What are the prime factors of v(-8)?
2, 3, 131
Let b(o) be the first derivative of o**4/4 + 8*o**3/3 - 7*o**2/2 - 3. Suppose 4*u - 6 = 6*u, 5*x - 3*u = -26. What are the prime factors of b(x)?
2, 7
Suppose -a + 13*a + 23148 = 0. List the prime factors of 8/12 + a/(-9).
5, 43
Let n be ((-36)/(-7))/((-14)/(-3724)). Let p be (3/(-6))/(6/n). Let y = 321 + p. What are the prime factors of y?
3, 23
Suppose -86*x + 83*x + 4*s = -108625, 25 = 5*s. What are the prime factors of x?
5, 7243
Let c(f) be the first derivative of -7*f**2 - 21*f + 2. Let n be c(-5). Suppose 13 = w - n. What are the prime factors of w?
2, 31
Let c = -15 + 13. Let p be 21*((-130)/(-35) + c). Suppose 0 = 2*w, 0 = -3*z + 3*w + p + 15. What are the prime factors of z?
17
Let q(x) = 17*x**2 - 127*x - 65. List the prime factors of q(-19).
5, 1697
Suppose 6*x - 59 = 79. Let c(v) = -v**2 - 47 + 35*v + 0*v**2 - 7*v + 2. List the prime factors of c(x).
2, 5, 7
Let y(q) = -56*q + 13. Let z = -251 + 247. What are the prime factors of y(z)?
3, 79
Let n(l) = -3678*l + 1477. List the prime factors of n(-19).
71359
Let l(q) = q**3 - 14*q**2 - 12*q + 17. Let o(u) = -u - 42. Let r be o(-15). Let g = 42 + r. List the prime factors of l(g).
2, 31
Let s be (-130)/(-70) - 2 - 1/(-7). Suppose 2*m = 4*k - 0*k - 384, s = k + 5*m - 96. What are the prime factors of k?
2, 3
Suppose 5*h - 5*l = 21215, -5*h - 32*l + 33*l + 21207 = 0. List the prime factors of h.
4241
Suppose -d + 2*a = -916, -2*d + 1464 = 5*a - 323. Suppose 0 = -4*w + 4*k + 28, w + 3 = 2*w - 3*k. Suppose -15*b + d = -w*b. List the pr